{"id":239,"date":"2022-10-10T16:54:44","date_gmt":"2022-10-10T14:54:44","guid":{"rendered":"http:\/\/localhost\/palais\/?page_id=239"},"modified":"2022-11-23T16:14:40","modified_gmt":"2022-11-23T15:14:40","slug":"itin","status":"publish","type":"page","link":"https:\/\/palaisdethemis.fr\/www\/itin\/","title":{"rendered":"Nous rejoindre"},"content":{"rendered":"\n<p class=\"has-text-align-center\"><\/p>\n\n\n\n<div class=\"wp-block-media-text alignwide is-stacked-on-mobile\" style=\"grid-template-columns:25% auto\"><figure class=\"wp-block-media-text__media\"><img loading=\"lazy\" decoding=\"async\" width=\"547\" height=\"1024\" src=\"https:\/\/palaisdethemis.fr\/www\/wp-content\/uploads\/2022\/11\/themis-bronze-sauv-547x1024.png\" alt=\"\" class=\"wp-image-1228 size-full\" srcset=\"https:\/\/palaisdethemis.fr\/www\/wp-content\/uploads\/2022\/11\/themis-bronze-sauv-547x1024.png 547w, https:\/\/palaisdethemis.fr\/www\/wp-content\/uploads\/2022\/11\/themis-bronze-sauv-160x300.png 160w, https:\/\/palaisdethemis.fr\/www\/wp-content\/uploads\/2022\/11\/themis-bronze-sauv-768x1439.png 768w, https:\/\/palaisdethemis.fr\/www\/wp-content\/uploads\/2022\/11\/themis-bronze-sauv-820x1536.png 820w, https:\/\/palaisdethemis.fr\/www\/wp-content\/uploads\/2022\/11\/themis-bronze-sauv-1093x2048.png 1093w, https:\/\/palaisdethemis.fr\/www\/wp-content\/uploads\/2022\/11\/themis-bronze-sauv-32x60.png 32w, https:\/\/palaisdethemis.fr\/www\/wp-content\/uploads\/2022\/11\/themis-bronze-sauv.png 1584w\" sizes=\"auto, (max-width: 547px) 100vw, 547px\" \/><\/figure><div class=\"wp-block-media-text__content\">\n<h2 class=\"has-large-font-size wp-block-heading\"><em>Le Palais de Th\u00e9mis<\/em><\/h2>\n\n\n\n<p class=\"has-medium-font-size\">11, rue des Lois<\/p>\n\n\n\n<p class=\"has-medium-font-size\">31000 Toulouse<\/p>\n\n\n\n<p><strong>T\u00e9l\u00e9phone : 05 62 84 71 75<\/strong><\/p>\n\n\n\n<p>Salle climatis\u00e9e &#8211; Wifi gratuit<\/p>\n\n\n\n<p>R\u00e8glement : Esp\u00e8ces, Ch\u00e8ques, CB<\/p>\n\n\n\n<h1 class=\"has-medium-font-size wp-block-heading\"><\/h1>\n<\/div><\/div>\n\n\n\n<div class=\"wp-block-group\"><div class=\"wp-block-group__inner-container is-layout-flow wp-block-group-is-layout-flow\">\n<div class=\"wp-block-group\"><div class=\"wp-block-group__inner-container is-layout-flow wp-block-group-is-layout-flow\">\n<div class=\"wp-block-group\"><div class=\"wp-block-group__inner-container is-layout-flow wp-block-group-is-layout-flow\">\n<p class=\"has-medium-font-size\"><\/p>\n\n\n\n<h1 class=\"has-medium-font-size wp-block-heading\"><\/h1>\n<\/div><\/div>\n<\/div><\/div>\n\n\n\n<h2 class=\"wp-block-heading\"><strong>Itin\u00e9raire<\/strong> :<\/h2>\n\n\n\n<p><a href=\"https:\/\/www.google.fr\/maps\/place\/Le+Palais+de+Th%C3%A9mis\/@43.6058256,1.4391984,17z\/data=!3m1!4b1!4m5!3m4!1s0x12aebb55cbd249ef:0x9b635a9900695419!8m2!3d43.6058217!4d1.4413871\">Le Palais de Th\u00e9mis &#8211; Google&nbsp;Maps<\/a><\/p>\n\n\n\n<p><a href=\"https:\/\/fr.mappy.com\/plan#\/11%20Rue%20des%20Lois%2C%2031000%20Toulouse\/poi\/60fa21daa2c55f034d8203f2\">Plan Toulouse : carte de Toulouse (31000) et infos pratiques (mappy.com)<\/a><\/p>\n<\/div><\/div>\n\n\n\n<div class=\"wp-block-buttons is-layout-flex wp-block-buttons-is-layout-flex\"><\/div>\n\n\n\n<p><\/p>\n","protected":false},"excerpt":{"rendered":"<p>Le Palais de Th\u00e9mis 11, rue des Lois 31000 Toulouse T\u00e9l\u00e9phone : 05 62 84 71 75 Salle climatis\u00e9e &#8211; Wifi gratuit R\u00e8glement : Esp\u00e8ces, Ch\u00e8ques, CB Itin\u00e9raire : Le Palais de Th\u00e9mis &#8211; Google&nbsp;Maps Plan Toulouse : carte de Toulouse (31000) et infos pratiques (mappy.com)<\/p>\n","protected":false},"author":1,"featured_media":0,"parent":0,"menu_order":0,"comment_status":"closed","ping_status":"closed","template":"","meta":{"pgc_sgb_lightbox_settings":"","footnotes":""},"class_list":["post-239","page","type-page","status-publish","hentry"],"_links":{"self":[{"href":"https:\/\/palaisdethemis.fr\/www\/wp-json\/wp\/v2\/pages\/239","targetHints":{"allow":["GET"]}}],"collection":[{"href":"https:\/\/palaisdethemis.fr\/www\/wp-json\/wp\/v2\/pages"}],"about":[{"href":"https:\/\/palaisdethemis.fr\/www\/wp-json\/wp\/v2\/types\/page"}],"author":[{"embeddable":true,"href":"https:\/\/palaisdethemis.fr\/www\/wp-json\/wp\/v2\/users\/1"}],"replies":[{"embeddable":true,"href":"https:\/\/palaisdethemis.fr\/www\/wp-json\/wp\/v2\/comments?post=239"}],"version-history":[{"count":33,"href":"https:\/\/palaisdethemis.fr\/www\/wp-json\/wp\/v2\/pages\/239\/revisions"}],"predecessor-version":[{"id":1229,"href":"https:\/\/palaisdethemis.fr\/www\/wp-json\/wp\/v2\/pages\/239\/revisions\/1229"}],"wp:attachment":[{"href":"https:\/\/palaisdethemis.fr\/www\/wp-json\/wp\/v2\/media?parent=239"}],"curies":[{"name":"wp","href":"https:\/\/api.w.org\/{rel}","templated":true}]}}