{"id":155,"date":"2022-09-29T17:34:07","date_gmt":"2022-09-29T15:34:07","guid":{"rendered":"http:\/\/localhost\/palais\/?page_id=155"},"modified":"2025-06-19T09:16:56","modified_gmt":"2025-06-19T07:16:56","slug":"nos-patisseries","status":"publish","type":"page","link":"https:\/\/palaisdethemis.fr\/www\/nos-patisseries\/","title":{"rendered":"Nos p\u00e2tisseries"},"content":{"rendered":"\n<h2 class=\"wp-block-heading\"><\/h2>\n\n\n\n\n<div class=\"erm_menu erm_menu-id-279\"\n     id=\"erm_menu-id-279\"\n>\n    \t<h1 class=\"erm_title\">R\u00e9alis\u00e9es par notre partenaire p\u00e2tissi\u00e8re<\/h1>\n\t<div class=\"erm_desc\"><p style=\"text-align: center;\"><em><strong>\" En fonction de la saison et de l'inspiration de la p\u00e2tissi\u00e8re \"\u00a0 \u00a0 \u00a0 \u00a0 \u00a0 \u00a0 \u00a0 \u00a0 \u00a0 \u00a0 \u00a0 \u00a0 \u00a0 \u00a0 \u00a0 \u00a0 \u00a0 \u00a0 \u00a0 \u00a0 \u00a0 \u00a0 \u00a0 \u00a0 \u00a0 \u00a0 \u00a0 \u00a0 \u00a0 \u00a0 \u00a0 \u00a0 \u00a0 \u00a0 \u00a0 \u00a0 \u00a0 \u00a0 \u00a0 \u00a0 \u00a0 \u00a0 \u00a0 \u00a0 \u00a0 \u00a0 \u00a0 \u00a0 \u00a0 \u00a0 \u00a0 \u00a0 \u00a0 \u00a0 \u00a0 \u00a0 \u00a0 \u00a0 \u00a0 \u00a0 \u00a0 \u00a0 \u00a0 \u00a0 \u00a0 \u00a0 \u00a0 \u00a0 \u00a0 \u00a0 \u00a0 \u00a0 \u00a0 \u00a0 \u00a0 \u00a0 \u00a0 \u00a0 \u00a0 \u00a0 \u00a0 \u00a0 \u00a0 \u00a0 \u00a0 \u00a0 \u00a0 \u00a0 \u00a0 \u00a0 \u00a0 \u00a0 \u00a0 \u00a0 \u00a0 \u00a0 \u00a0 \u00a0 \u00a0 \u00a0 \u00a0 \u00a0 \u00a0 \u00a0 \u00a0 \u00a0 \u00a0 \u00a0 \u00a0 \u00a0 \u00a0 \u00a0 \u00a0 \u00a0 \u00a0 \u00a0 \u00a0 \u00a0 \u00a0 \u00a0 \u00a0 \u00a0 \u00a0 \u00a0 \u00a0 \u00a0 \u00a0 \u00a0 \u00a0 \u00a0 \u00a0 \u00a0 \u00a0 \u00a0 \u00a0 \u00a0 \u00a0 \u00a0 \u00a0 \u00a0 \u00a0 \u00a0 \u00a0 \u00a0 \u00a0 \u00a0 \u00a0 \u00a0 \u00a0 \u00a0 \u00a0 \u00a0 \u00a0 \u00a0 \u00a0 \u00a0 \u00a0 \u00a0 \u00a0 \u00a0 \u00a0 \u00a0 \u00a0 \u00a0 \u00a0 \u00a0 \u00a0 \u00a0 \u00a0 \u00a0 \u00a0 \u00a0 \u00a0 \u00a0 \u00a0 \u00a0 \u00a0 \u00a0 \u00a0 \u00a0 \u00a0 \u00a0 \u00a0 \u00a0 \u00a0 \u00a0 \u00a0 \u00a0 \u00a0 \u00a0 \u00a0 \u00a0 \u00a0 \u00a0 \u00a0 \u00a0 \u00a0 \u00a0 \u00a0 \u00a0 \u00a0 \u00a0 \u00a0 \u00a0 \u00a0 \u00a0 \u00a0 \u00a0 \u00a0 \u00a0 \u00a0 \u00a0 \u00a0 \u00a0 \u00a0 \u00a0 \u00a0 \u00a0 \u00a0\u00a0<\/strong><\/em><\/p>\r\n.\r\n\r\n&nbsp;<\/div>\n\t\n<div class=\"erm_menu_content\">\n\n    \n<div class=\"erm_product with_image\">\n\n    <a class=\"image-popup\" style=\"width: 140px;\" target=\"_blank\" href=\"https:\/\/palaisdethemis.fr\/www\/wp-content\/uploads\/2022\/10\/Banoffee.png\" data-caption=\"\" data-desc=\"\">\n                <img decoding=\"async\" class=\"erm_product_image\" alt=\"\" src=\"https:\/\/palaisdethemis.fr\/www\/wp-content\/uploads\/2022\/10\/Banoffee-300x300.png\">\n              <\/a>\n    <div class=\"erm_title_price_desc\">\n\n        <div class=\"erm_title_price\">\n            <h3 class=\"erm_product_title\">Le Banoffee<\/h3>\n            <div class=\"erm_product_price\">\n\t\n<\/div>\n        <\/div>\n\n        <div class=\"erm_product_desc\">\n    <p>Banane en morceaux, Crumble de Biscuits, Confiture de Lait, Cr&egrave;me mont&eacute;e Vanille<\/p><\/div>\n\n    <\/div>\n\n<\/div>\n\n\n\n<div class=\"erm_product with_image\">\n\n    <a class=\"image-popup\" style=\"width: 140px;\" target=\"_blank\" href=\"https:\/\/palaisdethemis.fr\/www\/wp-content\/uploads\/2022\/10\/Gateau-Cookie-h-vz.png\" data-caption=\"\" data-desc=\"\">\n                <img decoding=\"async\" class=\"erm_product_image\" alt=\"\" src=\"https:\/\/palaisdethemis.fr\/www\/wp-content\/uploads\/2022\/10\/Gateau-Cookie-h-vz-290x300.png\">\n              <\/a>\n    <div class=\"erm_title_price_desc\">\n\n        <div class=\"erm_title_price\">\n            <h3 class=\"erm_product_title\">Le Cookie<\/h3>\n            <div class=\"erm_product_price\">\n\t\n<\/div>\n        <\/div>\n\n        <div class=\"erm_product_desc\">\n    <p>Chocolat noir hach&eacute;, Farine, Oeuf, Beurre, Sucre<\/p>\n<\/div>\n\n    <\/div>\n\n<\/div>\n\n\n\n<div class=\"erm_product with_image\">\n\n    <a class=\"image-popup\" style=\"width: 140px;\" target=\"_blank\" href=\"https:\/\/palaisdethemis.fr\/www\/wp-content\/uploads\/2022\/10\/croustillant-chocolat.png\" data-caption=\"\" data-desc=\"\">\n                <img decoding=\"async\" class=\"erm_product_image\" alt=\"\" src=\"https:\/\/palaisdethemis.fr\/www\/wp-content\/uploads\/2022\/10\/croustillant-chocolat-300x300.png\">\n              <\/a>\n    <div class=\"erm_title_price_desc\">\n\n        <div class=\"erm_title_price\">\n            <h3 class=\"erm_product_title\">Le Croustillant Chocolat<\/h3>\n            <div class=\"erm_product_price\">\n\t\n<\/div>\n        <\/div>\n\n        <div class=\"erm_product_desc\">\n    <p>Biscuit Succ&egrave;s, Croustillant pralin&eacute;, Mousse Chocolat noir 66%<\/p>\n<\/div>\n\n    <\/div>\n\n<\/div>\n\n\n\n<div class=\"erm_product with_image\">\n\n    <a class=\"image-popup\" style=\"width: 140px;\" target=\"_blank\" href=\"https:\/\/palaisdethemis.fr\/www\/wp-content\/uploads\/2022\/10\/Yuzu.png\" data-caption=\"\" data-desc=\"\">\n                <img decoding=\"async\" class=\"erm_product_image\" alt=\"\" src=\"https:\/\/palaisdethemis.fr\/www\/wp-content\/uploads\/2022\/10\/Yuzu-295x300.png\">\n              <\/a>\n    <div class=\"erm_title_price_desc\">\n\n        <div class=\"erm_title_price\">\n            <h3 class=\"erm_product_title\">Le Yuzu Passion<\/h3>\n            <div class=\"erm_product_price\">\n\t\n<\/div>\n        <\/div>\n\n        <div class=\"erm_product_desc\">\n    <p>&nbsp;Biscuit Madeleine Vanille, Mousse Yuzu pointe de Menthe, Insert Passion, Croustillant noisette<\/p>\n<\/div>\n\n    <\/div>\n\n<\/div>\n\n\n\n<div class=\"erm_product with_image\">\n\n    <a class=\"image-popup\" style=\"width: 140px;\" target=\"_blank\" href=\"https:\/\/palaisdethemis.fr\/www\/wp-content\/uploads\/2022\/10\/fraisier-1.png\" data-caption=\"\" data-desc=\"\">\n                <img decoding=\"async\" class=\"erm_product_image\" alt=\"\" src=\"https:\/\/palaisdethemis.fr\/www\/wp-content\/uploads\/2022\/10\/fraisier-1-300x300.png\">\n              <\/a>\n    <div class=\"erm_title_price_desc\">\n\n        <div class=\"erm_title_price\">\n            <h3 class=\"erm_product_title\">Le Fraisier<\/h3>\n            <div class=\"erm_product_price\">\n\t\n<\/div>\n        <\/div>\n\n        <div class=\"erm_product_desc\">\n    <p>&nbsp;Fraises fra&icirc;ches et Compot&eacute;e de Fraises, Biscuit Madeleine, Mousse Vanille<\/p>\n<\/div>\n\n    <\/div>\n\n<\/div>\n\n\n\n<div class=\"erm_product with_image\">\n\n    <a class=\"image-popup\" style=\"width: 140px;\" target=\"_blank\" href=\"https:\/\/palaisdethemis.fr\/www\/wp-content\/uploads\/2022\/10\/tarte-citron-meringue.png\" data-caption=\"\" data-desc=\"\">\n                <img decoding=\"async\" class=\"erm_product_image\" alt=\"\" src=\"https:\/\/palaisdethemis.fr\/www\/wp-content\/uploads\/2022\/10\/tarte-citron-meringue-300x300.png\">\n              <\/a>\n    <div class=\"erm_title_price_desc\">\n\n        <div class=\"erm_title_price\">\n            <h3 class=\"erm_product_title\">La Tarte Citron Meringue<\/h3>\n            <div class=\"erm_product_price\">\n\t\n<\/div>\n        <\/div>\n\n        <div class=\"erm_product_desc\">\n    <p>P&acirc;te sabl&eacute;e, Cr&eacute;meux Citron, Pointe de Yuzu, Meringue, Noisettes<\/p>\n<\/div>\n\n    <\/div>\n\n<\/div>\n\n\n\n<div class=\"erm_product with_image\">\n\n    <a class=\"image-popup\" style=\"width: 140px;\" target=\"_blank\" href=\"https:\/\/palaisdethemis.fr\/www\/wp-content\/uploads\/2022\/10\/tarte-fruits-rouges.png\" data-caption=\"\" data-desc=\"\">\n                <img decoding=\"async\" class=\"erm_product_image\" alt=\"\" src=\"https:\/\/palaisdethemis.fr\/www\/wp-content\/uploads\/2022\/10\/tarte-fruits-rouges-300x300.png\">\n              <\/a>\n    <div class=\"erm_title_price_desc\">\n\n        <div class=\"erm_title_price\">\n            <h3 class=\"erm_product_title\">La Tarte Fruits Rouges<\/h3>\n            <div class=\"erm_product_price\">\n\t\n<\/div>\n        <\/div>\n\n        <div class=\"erm_product_desc\">\n    <p>&nbsp;P&acirc;te sabl&eacute;e, Cr&egrave;me d&rsquo;Amande, Compot&eacute;e Framboise, Cr&egrave;me Vanille, Fruits frais<\/p>\n<\/div>\n\n    <\/div>\n\n<\/div>\n\n\n\n<div class=\"erm_product with_image\">\n\n    <a class=\"image-popup\" style=\"width: 140px;\" target=\"_blank\" href=\"https:\/\/palaisdethemis.fr\/www\/wp-content\/uploads\/2022\/10\/tarte-poire-chocolat.png\" data-caption=\"\" data-desc=\"\">\n                <img decoding=\"async\" class=\"erm_product_image\" alt=\"\" src=\"https:\/\/palaisdethemis.fr\/www\/wp-content\/uploads\/2022\/10\/tarte-poire-chocolat-300x300.png\">\n              <\/a>\n    <div class=\"erm_title_price_desc\">\n\n        <div class=\"erm_title_price\">\n            <h3 class=\"erm_product_title\">La Tarte Poire Chocolat<\/h3>\n            <div class=\"erm_product_price\">\n\t\n<\/div>\n        <\/div>\n\n        <div class=\"erm_product_desc\">\n    <p>P&acirc;te sabl&eacute;e, Cr&egrave;me d&rsquo;Amande, Ganache Chocolat 66%, Gel&eacute;e de Poires, Cr&egrave;me mont&eacute;e, Poires en morceaux<\/p>\n<\/div>\n\n    <\/div>\n\n<\/div>\n\n\n\n<div class=\"erm_product with_image\">\n\n    <a class=\"image-popup\" style=\"width: 140px;\" target=\"_blank\" href=\"https:\/\/palaisdethemis.fr\/www\/wp-content\/uploads\/2022\/10\/tarte-tatin.png\" data-caption=\"\" data-desc=\"\">\n                <img decoding=\"async\" class=\"erm_product_image\" alt=\"\" src=\"https:\/\/palaisdethemis.fr\/www\/wp-content\/uploads\/2022\/10\/tarte-tatin-300x300.png\">\n              <\/a>\n    <div class=\"erm_title_price_desc\">\n\n        <div class=\"erm_title_price\">\n            <h3 class=\"erm_product_title\">La Tarte Tatin<\/h3>\n            <div class=\"erm_product_price\">\n\t\n<\/div>\n        <\/div>\n\n        <div class=\"erm_product_desc\">\n    <p>P&acirc;te et morceaux de pommes caram&eacute;lis&eacute;s<\/p>\n<p>Suppl&eacute;ment Boule de Glace Vanille (ou autre parfum)<\/p>\n<\/div>\n\n    <\/div>\n\n<\/div>\n\n\n\n<div class=\"erm_product with_image\">\n\n    <a class=\"image-popup\" style=\"width: 140px;\" target=\"_blank\" href=\"https:\/\/palaisdethemis.fr\/www\/wp-content\/uploads\/2022\/10\/Gateau-cheesecake-detoure-vz.png\" data-caption=\"\" data-desc=\"\">\n                <img decoding=\"async\" class=\"erm_product_image\" alt=\"\" src=\"https:\/\/palaisdethemis.fr\/www\/wp-content\/uploads\/2022\/10\/Gateau-cheesecake-detoure-vz-300x250.png\">\n              <\/a>\n    <div class=\"erm_title_price_desc\">\n\n        <div class=\"erm_title_price\">\n            <h3 class=\"erm_product_title\">Le Cheesecake<\/h3>\n            <div class=\"erm_product_price\">\n\t\n<\/div>\n        <\/div>\n\n        <div class=\"erm_product_desc\">\n    <p>Biscuit sabl&eacute; et Sp&eacute;culos, Fromage blanc vanille Philadephia, Cr&egrave;me<\/p>\n<\/div>\n\n    <\/div>\n\n<\/div>\n\n\n\n<div class=\"erm_product with_image\">\n\n    <a class=\"image-popup\" style=\"width: 140px;\" target=\"_blank\" href=\"https:\/\/palaisdethemis.fr\/www\/wp-content\/uploads\/2022\/10\/Gateau-muffin-vz.png\" data-caption=\"\" data-desc=\"\">\n                <img decoding=\"async\" class=\"erm_product_image\" alt=\"\" src=\"https:\/\/palaisdethemis.fr\/www\/wp-content\/uploads\/2022\/10\/Gateau-muffin-vz-290x300.png\">\n              <\/a>\n    <div class=\"erm_title_price_desc\">\n\n        <div class=\"erm_title_price\">\n            <h3 class=\"erm_product_title\">Le Muffin<\/h3>\n            <div class=\"erm_product_price\">\n\t\n<\/div>\n        <\/div>\n\n        <div class=\"erm_product_desc\">\n    <p>Farine, Levure, Beure, Sucre, Vanille, Lait, Oeuf, Morceaux de chocolat noir<\/p>\n<\/div>\n\n    <\/div>\n\n<\/div>\n\n\n\n<\/div>\n\n<div class=\"erm_footer_desc\"><\/div>\n\n<\/div>\n\n\n\n\n<p><\/p>\n","protected":false},"excerpt":{"rendered":"","protected":false},"author":1,"featured_media":4001,"parent":0,"menu_order":0,"comment_status":"closed","ping_status":"closed","template":"","meta":{"pgc_sgb_lightbox_settings":"","footnotes":""},"class_list":["post-155","page","type-page","status-publish","has-post-thumbnail","hentry"],"_links":{"self":[{"href":"https:\/\/palaisdethemis.fr\/www\/wp-json\/wp\/v2\/pages\/155","targetHints":{"allow":["GET"]}}],"collection":[{"href":"https:\/\/palaisdethemis.fr\/www\/wp-json\/wp\/v2\/pages"}],"about":[{"href":"https:\/\/palaisdethemis.fr\/www\/wp-json\/wp\/v2\/types\/page"}],"author":[{"embeddable":true,"href":"https:\/\/palaisdethemis.fr\/www\/wp-json\/wp\/v2\/users\/1"}],"replies":[{"embeddable":true,"href":"https:\/\/palaisdethemis.fr\/www\/wp-json\/wp\/v2\/comments?post=155"}],"version-history":[{"count":7,"href":"https:\/\/palaisdethemis.fr\/www\/wp-json\/wp\/v2\/pages\/155\/revisions"}],"predecessor-version":[{"id":4002,"href":"https:\/\/palaisdethemis.fr\/www\/wp-json\/wp\/v2\/pages\/155\/revisions\/4002"}],"wp:featuredmedia":[{"embeddable":true,"href":"https:\/\/palaisdethemis.fr\/www\/wp-json\/wp\/v2\/media\/4001"}],"wp:attachment":[{"href":"https:\/\/palaisdethemis.fr\/www\/wp-json\/wp\/v2\/media?parent=155"}],"curies":[{"name":"wp","href":"https:\/\/api.w.org\/{rel}","templated":true}]}}